inder when 49 is divided by s(0)?
7
Let q = -2369 - -2397. Calculate the remainder when 36 is divided by q.
8
Suppose 4*m - 3*h = 2*h - 8, 0 = 3*m - 3*h + 3. Calculate the remainder when 23 is divided by m.
2
Let h be (30/9)/((-1)/(-3)). Suppose 4*x + 48 = h*x. Calculate the remainder when 31 is divided by 156/x + (-9)/6.
13
Let v(i) = -10 - 2*i + 2*i + i. Suppose 4*j - j - 51 = 0. Calculate the remainder when j is divided by v(15).
2
Let d = -517 + 536. Let z = 22 - -51. Calculate the remainder when z is divided by d.
16
Let y(j) = 29*j**3 + j - 1. Let t be (9/6 - 2)*-12. Suppose t*s - 67 = -19. What is the remainder when y(1) is divided by s?
5
Suppose 3 = 2*z - 3, 2*l + 3*z - 15 = 0. Let q(m) = -m**2 + 10. What is the remainder when -2 + 0 + l - -37 is divided by q(0)?
8
Let f = -237 + 373. Let t = -119 + f. Calculate the remainder when 67 is divided by t.
16
Let s = -32 + 36. Suppose -4*v - 3*f = -73, 2*v + 2*f - 47 = -13. Calculate the remainder when v is divided by s.
2
What is the remainder when (-1 + 310)*12/36 is divided by 47?
9
Let u = -736 + 875. Calculate the remainder when u is divided by 25.
14
Let d(b) = 10*b**3 + 5*b**2 - 3. Let y be d(-3). Calculate the remainder when 2/(453/y - -2) - 3 is divided by 15.
14
Let m(g) = -15*g - 119. Let l(p) = 7*p + 60. Let h(c) = 13*l(c) + 6*m(c). Let d(a) = 2*a**2 + 4*a - 1. What is the remainder when h(-7) is divided by d(-4)?
14
Let c(d) = d**3 + 9*d**2 - d - 5. Let l be c(-9). Suppose -l*u = u - 60. What is the remainder when u is divided by 7?
5
Suppose 0*c - c = 0. Suppose -6*s - w + 298 = -2*s, -2*w - 4 = c. What is the remainder when s is divided by 20?
15
Let t be ((-1)/(-3))/(21/252). Suppose -t*l = -7*l + 45. What is the remainder when l is divided by 8?
7
Let z = -35 - -39. Let i = 31 - z. Calculate the remainder when 78 is divided by i.
24
Let z = -208 - -222. Suppose -3*m - 2*p = p - 123, 0 = 5*m - p - 187. What is the remainder when m is divided by z?
10
Let t be ((-16)/(-12))/(4/738). What is the remainder when (-4)/(-10) + t/10 + 3 is divided by 15?
13
Let m = -82 + 149. Suppose 3*t - 20 - 38 = w, 5*w = -2*t + m. Calculate the remainder when t is divided by 11.
10
Let t(l) = -l**3 - 5*l**2 + 7*l + 8. Let y be t(-6). Suppose 20 = y*r + 2*r. Suppose 0 = f - 2 - 0. What is the remainder when r is divided by f?
1
Let r = 35 - 33. Let u = -101 - -144. Suppose r*y + 0*g - 5 = -3*g, -4*y + 5*g + u = 0. What is the remainder when 9 is divided by y?
2
Suppose 1523*j = 1525*j - 28. What is the remainder when 27 is divided by j?
13
Let c be (3 - 0)*(-70)/21. Let n(x) = -x**2 - 11*x - 8. Let j be n(c). What is the remainder when (0 - j)*(-5)/2 is divided by 1?
0
Let n(z) = 39*z**2 - z + 5*z - 56*z**2 + z**3 + 9. What is the remainder when n(17) is divided by 10?
7
Suppose y = 2*a - 41, -a + 8*y + 7 = 12*y. Calculate the remainder when 62 is divided by a.
5
Calculate the remainder when (-1239)/(-28) - (-1)/(-4) is divided by 6.
2
Let t(y) = y**2 + 3*y - 28. Let z be t(-7). Let v = z + 36. Calculate the remainder when v is divided by 14.
8
Let z be 290*1*6/(-60)*-5. Let f = z - 120. What is the remainder when 120 is divided by f?
20
Let q(g) = 14*g - 5. Calculate the remainder when 227 is divided by q(2).
20
Let a = 145 - 147. Calculate the remainder when 157 is divided by ((-1)/3)/(a*(-1)/(-96)).
13
Suppose 2*y + 30 = 2*c - 0*c, 4*c - 2*y = 60. Suppose -c = 2*k - 9. Let v = 21 + k. What is the remainder when 68 is divided by v?
14
Let q(m) = -m**2 + 4*m + 3. Let r be q(4). Let o(c) = -3*c + 13. Calculate the remainder when o(-10) is divided by 14 - -1 - r - -3.
13
Suppose 23 = 3*d - 10. Let v(c) = 2*c - 15. Let q = 37 - 33. What is the remainder when v(d) is divided by q?
3
Suppose -4*n + 2*n - y = 37, 4*n - 4*y = -80. Let v = n - -28. Calculate the remainder when 43 is divided by v.
7
Let x = 42 - 43. Let k = x + 19. What is the remainder when k is divided by 11?
7
Suppose 99*w - 102*w = -72. What is the remainder when w is divided by 6?
0
Let g be (57 - (4 - 1))/(6/(-4)). Let l = 41 + g. Calculate the remainder when 11 is divided by l.
1
Suppose -h - h = -6. Suppose 0*f = h*f - 27. Calculate the remainder when 14 is divided by f.
5
Let o be 2 + 4*1/2. Suppose l - 1 = o. Suppose -27 = -u - 2*r, 5*u = l*r - 0*r + 60. Calculate the remainder when 31 is divided by u.
14
Suppose 9*t = -271 + 712. Calculate the remainder when 343 is divided by t.
0
Let a(z) = 14*z. Let i be (-1 + 4)/3*2. Suppose -107 = 23*c - 1993. What is the remainder when c is divided by a(i)?
26
What is the remainder when 28 is divided by (-35)/21 + (-140)/(-21)?
3
Suppose -215 - 30 = -5*q. Calculate the remainder when q is divided by 4/22 + (-1)/(11/(-53)).
4
Suppose 0 = 2*w - 0*w - 46. Let p = -1602 - -1646. What is the remainder when p is divided by w?
21
Let d = -27 + 2. Let q = d - -89. Calculate the remainder when 0 + (q*3)/3 is divided by 22.
20
Let a = 2 - -19. Suppose 0 = -8*z + 9*z - 20. Calculate the remainder when (-114)/(-5)*50/z is divided by a.
15
Let k = 72 + -61. What is the remainder when 17 is divided by k?
6
Suppose 225 = 5*y - 0. Suppose -5*l + 459 = 4*l. Let i = l - 39. What is the remainder when y is divided by i?
9
Let g(h) = -h**2 + 79*h - 721. Calculate the remainder when g(68) is divided by (9 - -1)*(-3)/(-2).
12
Let d(k) = k. Let p be d(4). Suppose -2*f + 8 = 0, -p*w - 121 = 2*f - 369. What is the remainder when w is divided by 16?
12
Let l(z) = z**2 - z - 9. Let s = -57 - -53. Suppose -210 = -p - 4*p. Calculate the remainder when p is divided by l(s).
9
Suppose 36*n = 38*n - 114. Calculate the remainder when 333 is divided by n.
48
Suppose 4*q + 0*q = 72. Suppose -4*x + 412 = -14*m + 10*m, 0 = -2*x - m + 218. What is the remainder when x is divided by q?
17
Suppose -3*d + 166 = 19. Calculate the remainder when 486 is divided by d.
45
Suppose 2*a - 4*y = 74, -4*a - 8*y = -6*y - 118. Suppose 6*r + r = 112. Calculate the remainder when a is divided by r.
15
Let s = -36 + 130. Let d(p) = 454*p + 3211. What is the remainder when s is divided by d(-7)?
28
Suppose 6 = -2*i, 4*p - i = -4*i + 363. Let n = p - 68. What is the remainder when 96 is divided by n?
21
Suppose 1 - 11 = 2*w, -4*d - 6 = -2*w. Suppose 3 = 2*q + 1. Calculate the remainder when q is divided by 9/12 - d/16.
0
Suppose -k = -5*m - 14, 5*m + 4 - 9 = 0. What is the remainder when 90 is divided by k?
14
Suppose 8*x - 686 = -222. Calculate the remainder when x is divided by 44.
14
Let q = 317 + -307. What is the remainder when 299 is divided by q?
9
Suppose 0 = -4*u + 1 + 7. Suppose 2*z - 4*d = 8 + 142, -d = u*z - 165. What is the remainder when z is divided by 28?
25
Let s = -14 + 19. Suppose 5*m = 2*z + s, 6*z - m + 1 = z. Suppose 0*o = -o, z = 3*n + 5*o - 3. What is the remainder when 3 is divided by n?
0
Suppose 0 = -f + 2*q + 89, -17*f + 410 = -12*f - 3*q. Calculate the remainder when f is divided by 74.
5
Let h(t) = -t**3 + 9*t**2 - 5*t - 11. Suppose -99*l = -92*l - 357. What is the remainder when l is divided by h(8)?
12
Let r(j) = -18*j - 36. What is the remainder when 319 is divided by r(-5)?
49
Let y(s) = s**3 + 10*s**2 + 9. Let r be y(-10). Let o(g) = -g**3 + 9*g**2 - g + 11. What is the remainder when 6 is divided by o(r)?
0
Let t(a) = a**3 + 7*a**2 + 2. Let g be t(-7). Suppose -12 - 18 = g*n. Let l = 29 + n. Calculate the remainder when 39 is divided by l.
11
Suppose 3*t - 48 = -t. Let i(z) = 9*z**2 + 7*z - 17. Calculate the remainder when i(2) is divided by t.
9
Let v = -1201 + 1424. Calculate the remainder when v is divided by 25.
23
Let o be (-2 + (-6)/(-3))/1. Suppose p - 16 = -o*p. Suppose d - p = -d. Calculate the remainder when 15 is divided by d.
7
Suppose 2*g + 84 = -3*j, -j = 2*j - 4*g + 66. Let m = -21 - j. Suppose 88 = m*y - y. What is the remainder when y is divided by 12?
10
Let k(y) = -5*y**2 - 3*y - 1. Suppose 3 + 7 = -5*r. Let w be k(r). What is the remainder when 22 is divided by (4/(-5))/(2/w)?
4
Let v = -192 + 134. Let y = 88 + v. What is the remainder when y is divided by 8?
6
Let p = -1870 - -1911. Calculate the remainder when p is divided by 2/(3*(-6)/(-63)).
6
Suppose s - 2*t = -2, -2*s - 4*t = -s + 2. What is the remainder when (-1)/s*-22*-5 is divided by 15?
10
Suppose 4*s - 45 = -0*s + 3*v, 5*s